[INFO] cloning repository https://github.com/irauta/regl-app
[INFO] running `Command { std: "git" "-c" "credential.helper=" "-c" "credential.helper=/workspace/cargo-home/bin/git-credential-null" "clone" "--bare" "https://github.com/irauta/regl-app" "/workspace/cache/git-repos/https%3A%2F%2Fgithub.com%2Firauta%2Fregl-app", kill_on_drop: false }`
[INFO] [stderr] Cloning into bare repository '/workspace/cache/git-repos/https%3A%2F%2Fgithub.com%2Firauta%2Fregl-app'...
[INFO] running `Command { std: "git" "rev-parse" "HEAD", kill_on_drop: false }`
[INFO] [stdout] 8c6f84e2f845267714f5b5f1117eb426a5f459f6
[INFO] checking irauta/regl-app against master#af3c6e733a40e671550e0f0f5aeecaa13772ba56 for pr-74989
[INFO] running `Command { std: "git" "clone" "/workspace/cache/git-repos/https%3A%2F%2Fgithub.com%2Firauta%2Fregl-app" "/workspace/builds/worker-11/source", kill_on_drop: false }`
[INFO] [stderr] Cloning into '/workspace/builds/worker-11/source'...
[INFO] [stderr] done.
[INFO] validating manifest of git repo https://github.com/irauta/regl-app on toolchain af3c6e733a40e671550e0f0f5aeecaa13772ba56
[INFO] running `Command { std: "/workspace/cargo-home/bin/cargo" "+af3c6e733a40e671550e0f0f5aeecaa13772ba56" "read-manifest" "--manifest-path" "Cargo.toml", kill_on_drop: false }`
[INFO] started tweaking git repo https://github.com/irauta/regl-app
[INFO] finished tweaking git repo https://github.com/irauta/regl-app
[INFO] tweaked toml for git repo https://github.com/irauta/regl-app written to /workspace/builds/worker-11/source/Cargo.toml
[INFO] crate git repo https://github.com/irauta/regl-app already has a lockfile, it will not be regenerated
[INFO] running `Command { std: "/workspace/cargo-home/bin/cargo" "+af3c6e733a40e671550e0f0f5aeecaa13772ba56" "fetch" "--locked" "--manifest-path" "Cargo.toml", kill_on_drop: false }`
[INFO] [stderr] error: the lock file /workspace/builds/worker-11/source/Cargo.lock needs to be updated but --locked was passed to prevent this
[INFO] [stderr] If you want to try to generate the lock file without accessing the network, use the --offline flag.
[INFO] the lockfile is outdated, regenerating it
[INFO] running `Command { std: "/workspace/cargo-home/bin/cargo" "+af3c6e733a40e671550e0f0f5aeecaa13772ba56" "generate-lockfile" "--manifest-path" "Cargo.toml" "-Zno-index-update", kill_on_drop: false }`
[INFO] [stderr]     Updating git repository `https://github.com/bjz/cgmath-rs.git`
[INFO] [stderr]     Updating git repository `https://github.com/irauta/regl.git`
[INFO] running `Command { std: "/workspace/cargo-home/bin/cargo" "+af3c6e733a40e671550e0f0f5aeecaa13772ba56" "fetch" "--locked" "--manifest-path" "Cargo.toml", kill_on_drop: false }`
[INFO] running `Command { std: "docker" "create" "-v" "/var/lib/crater-agent-workspace/builds/worker-11/target:/opt/rustwide/target:rw,Z" "-v" "/var/lib/crater-agent-workspace/builds/worker-11/source:/opt/rustwide/workdir:ro,Z" "-v" "/var/lib/crater-agent-workspace/cargo-home:/opt/rustwide/cargo-home:ro,Z" "-v" "/var/lib/crater-agent-workspace/rustup-home:/opt/rustwide/rustup-home:ro,Z" "-e" "SOURCE_DIR=/opt/rustwide/workdir" "-e" "CARGO_TARGET_DIR=/opt/rustwide/target" "-e" "CARGO_HOME=/opt/rustwide/cargo-home" "-e" "RUSTUP_HOME=/opt/rustwide/rustup-home" "-w" "/opt/rustwide/workdir" "-m" "1610612736" "--user" "0:0" "--network" "none" "rustops/crates-build-env@sha256:d92eaeed33fa75130ca1ee6c8a01d1ffb62bac859dfdfb3450e3e5d1c0146529" "/opt/rustwide/cargo-home/bin/cargo" "+af3c6e733a40e671550e0f0f5aeecaa13772ba56" "metadata" "--no-deps" "--format-version=1", kill_on_drop: false }`
[INFO] [stdout] d5dddcb3b20f1682c37d6cbc22c56bff0b02b0cba61a9cb7a345cc54eb0f2443
[INFO] [stderr] WARNING: Your kernel does not support swap limit capabilities or the cgroup is not mounted. Memory limited without swap.
[INFO] running `Command { std: "docker" "start" "-a" "d5dddcb3b20f1682c37d6cbc22c56bff0b02b0cba61a9cb7a345cc54eb0f2443", kill_on_drop: false }`
[INFO] running `Command { std: "docker" "inspect" "d5dddcb3b20f1682c37d6cbc22c56bff0b02b0cba61a9cb7a345cc54eb0f2443", kill_on_drop: false }`
[INFO] running `Command { std: "docker" "rm" "-f" "d5dddcb3b20f1682c37d6cbc22c56bff0b02b0cba61a9cb7a345cc54eb0f2443", kill_on_drop: false }`
[INFO] [stdout] d5dddcb3b20f1682c37d6cbc22c56bff0b02b0cba61a9cb7a345cc54eb0f2443
[INFO] running `Command { std: "docker" "create" "-v" "/var/lib/crater-agent-workspace/builds/worker-11/target:/opt/rustwide/target:rw,Z" "-v" "/var/lib/crater-agent-workspace/builds/worker-11/source:/opt/rustwide/workdir:ro,Z" "-v" "/var/lib/crater-agent-workspace/cargo-home:/opt/rustwide/cargo-home:ro,Z" "-v" "/var/lib/crater-agent-workspace/rustup-home:/opt/rustwide/rustup-home:ro,Z" "-e" "SOURCE_DIR=/opt/rustwide/workdir" "-e" "CARGO_TARGET_DIR=/opt/rustwide/target" "-e" "CARGO_INCREMENTAL=0" "-e" "RUST_BACKTRACE=full" "-e" "RUSTFLAGS=--cap-lints=forbid" "-e" "CARGO_HOME=/opt/rustwide/cargo-home" "-e" "RUSTUP_HOME=/opt/rustwide/rustup-home" "-w" "/opt/rustwide/workdir" "-m" "1610612736" "--user" "0:0" "--network" "none" "rustops/crates-build-env@sha256:d92eaeed33fa75130ca1ee6c8a01d1ffb62bac859dfdfb3450e3e5d1c0146529" "/opt/rustwide/cargo-home/bin/cargo" "+af3c6e733a40e671550e0f0f5aeecaa13772ba56" "check" "--frozen" "--all" "--all-targets" "--message-format=json", kill_on_drop: false }`
[INFO] [stdout] 3b1665e26221d4699c941bd41a1070433f7125835d14157be3bcbfd81f06c890
[INFO] [stderr] WARNING: Your kernel does not support swap limit capabilities or the cgroup is not mounted. Memory limited without swap.
[INFO] running `Command { std: "docker" "start" "-a" "3b1665e26221d4699c941bd41a1070433f7125835d14157be3bcbfd81f06c890", kill_on_drop: false }`
[INFO] [stderr]    Compiling khronos_api v3.1.0
[INFO] [stderr]    Compiling cfg-if v0.1.10
[INFO] [stderr]    Compiling xml-rs v0.8.3
[INFO] [stderr]    Compiling cc v1.0.59
[INFO] [stderr]    Compiling autocfg v1.0.1
[INFO] [stderr]    Compiling libc v0.2.77
[INFO] [stderr]    Compiling bitflags v1.2.1
[INFO] [stderr]     Checking semver-parser v0.7.0
[INFO] [stderr]    Compiling cgmath v0.17.0 (https://github.com/bjz/cgmath-rs.git#a691de87)
[INFO] [stderr]    Compiling log v0.4.11
[INFO] [stderr]     Checking semver v0.9.0
[INFO] [stderr]    Compiling num-traits v0.2.12
[INFO] [stderr]    Compiling cmake v0.1.44
[INFO] [stderr]    Compiling gl_generator v0.14.0
[INFO] [stderr]     Checking raw-window-handle v0.3.3
[INFO] [stderr]    Compiling glfw-sys v3.3.2
[INFO] [stderr]     Checking approx v0.3.2
[INFO] [stderr]     Checking glfw v0.40.0
[INFO] [stderr]    Compiling gl v0.14.0
[INFO] [stderr]     Checking regl v0.1.0 (https://github.com/irauta/regl.git#c80116e6)
[INFO] [stderr]     Checking regl-app v0.1.0 (/opt/rustwide/workdir)
[INFO] [stdout] warning: unused import: `Rotation3`
[INFO] [stdout]  --> src/graphics.rs:2:46
[INFO] [stdout]   |
[INFO] [stdout] 2 | use ::cgmath::{Matrix4,Vector3,Point3,Basis3,Rotation3,Rotation,Rad};
[INFO] [stdout]   |                                              ^^^^^^^^^
[INFO] [stdout]   |
[INFO] [stdout]   = note: `#[warn(unused_imports)]` on by default
[INFO] [stdout] 
[INFO] [stdout] 
[INFO] [stdout] warning: unused import: `Rotation3`
[INFO] [stdout]  --> src/graphics.rs:2:46
[INFO] [stdout]   |
[INFO] [stdout] 2 | use ::cgmath::{Matrix4,Vector3,Point3,Basis3,Rotation3,Rotation,Rad};
[INFO] [stdout]   |                                              ^^^^^^^^^
[INFO] [stdout]   |
[INFO] [stdout]   = note: `#[warn(unused_imports)]` on by default
[INFO] [stdout] 
[INFO] [stdout] 
[INFO] [stdout] error[E0599]: no function or associated item named `from_euler` found for struct `Basis3<_>` in the current scope
[INFO] [stdout]    --> src/graphics.rs:181:29
[INFO] [stdout]     |
[INFO] [stdout] 181 |         let basis = Basis3::from_euler(rad(pitch), rad(yaw), rad(0.0));
[INFO] [stdout]     |                             ^^^^^^^^^^ function or associated item not found in `Basis3<_>`
[INFO] [stdout] 
[INFO] [stdout] 
[INFO] [stdout] error[E0308]: mismatched types
[INFO] [stdout]    --> src/graphics.rs:187:26
[INFO] [stdout]     |
[INFO] [stdout] 187 |         Matrix4::look_at(&eye, &center, &up)
[INFO] [stdout]     |                          ^^^^
[INFO] [stdout]     |                          |
[INFO] [stdout]     |                          expected struct `Point3`, found `&Point3<_>`
[INFO] [stdout]     |                          help: consider removing the borrow: `eye`
[INFO] [stdout]     |
[INFO] [stdout]     = note: expected struct `Point3<f32>`
[INFO] [stdout]             found reference `&Point3<_>`
[INFO] [stdout] 
[INFO] [stdout] 
[INFO] [stdout] error[E0308]: mismatched types
[INFO] [stdout]    --> src/graphics.rs:187:32
[INFO] [stdout]     |
[INFO] [stdout] 187 |         Matrix4::look_at(&eye, &center, &up)
[INFO] [stdout]     |                                ^^^^^^^
[INFO] [stdout]     |                                |
[INFO] [stdout]     |                                expected struct `Point3`, found `&Point3<{float}>`
[INFO] [stdout]     |                                help: consider removing the borrow: `center`
[INFO] [stdout]     |
[INFO] [stdout]     = note: expected struct `Point3<f32>`
[INFO] [stdout]             found reference `&Point3<{float}>`
[INFO] [stdout] 
[INFO] [stdout] 
[INFO] [stdout] error[E0308]: mismatched types
[INFO] [stdout]    --> src/graphics.rs:187:41
[INFO] [stdout]     |
[INFO] [stdout] 187 |         Matrix4::look_at(&eye, &center, &up)
[INFO] [stdout]     |                                         ^^^
[INFO] [stdout]     |                                         |
[INFO] [stdout]     |                                         expected struct `Vector3`, found `&Vector3<_>`
[INFO] [stdout]     |                                         help: consider removing the borrow: `up`
[INFO] [stdout]     |
[INFO] [stdout]     = note: expected struct `Vector3<f32>`
[INFO] [stdout]             found reference `&Vector3<_>`
[INFO] [stdout] 
[INFO] [stdout] 
[INFO] [stdout] error[E0560]: struct `Rad<f32>` has no field named `s`
[INFO] [stdout]    --> src/graphics.rs:210:11
[INFO] [stdout]     |
[INFO] [stdout] 210 |     Rad { s: value }
[INFO] [stdout]     |     ---   ^ field does not exist
[INFO] [stdout]     |     |
[INFO] [stdout]     |     `Rad<_>` is a tuple struct, use the appropriate syntax: `Rad<_>(/* fields */)`
[INFO] [stdout]     | 
[INFO] [stdout]    ::: /opt/rustwide/cargo-home/git/checkouts/cgmath-rs-71b806d64542a22e/a691de8/src/angle.rs:41:12
[INFO] [stdout]     |
[INFO] [stdout] 41  | pub struct Rad<S>(pub S);
[INFO] [stdout]     |            --- `Rad<_>` defined here
[INFO] [stdout] 
[INFO] [stdout] 
[INFO] [stdout] warning: unused import: `Rotation`
[INFO] [stdout]  --> src/graphics.rs:2:56
[INFO] [stdout]   |
[INFO] [stdout] 2 | use ::cgmath::{Matrix4,Vector3,Point3,Basis3,Rotation3,Rotation,Rad};
[INFO] [stdout]   |                                                        ^^^^^^^^
[INFO] [stdout] 
[INFO] [stdout] 
[INFO] [stdout] error: aborting due to 5 previous errors; 2 warnings emitted
[INFO] [stdout] 
[INFO] [stdout] 
[INFO] [stdout] Some errors have detailed explanations: E0308, E0560, E0599.
[INFO] [stdout] 
[INFO] [stdout] For more information about an error, try `rustc --explain E0308`.
[INFO] [stdout] 
[INFO] [stdout] error[E0599]: no function or associated item named `from_euler` found for struct `Basis3<_>` in the current scope
[INFO] [stdout]    --> src/graphics.rs:181:29
[INFO] [stdout]     |
[INFO] [stdout] 181 |         let basis = Basis3::from_euler(rad(pitch), rad(yaw), rad(0.0));
[INFO] [stdout]     |                             ^^^^^^^^^^ function or associated item not found in `Basis3<_>`
[INFO] [stdout] 
[INFO] [stdout] 
[INFO] [stdout] error[E0308]: mismatched types
[INFO] [stdout]    --> src/graphics.rs:187:26
[INFO] [stdout]     |
[INFO] [stdout] 187 |         Matrix4::look_at(&eye, &center, &up)
[INFO] [stdout]     |                          ^^^^
[INFO] [stdout]     |                          |
[INFO] [stdout]     |                          expected struct `Point3`, found `&Point3<_>`
[INFO] [stdout]     |                          help: consider removing the borrow: `eye`
[INFO] [stdout]     |
[INFO] [stdout]     = note: expected struct `Point3<f32>`
[INFO] [stdout]             found reference `&Point3<_>`
[INFO] [stdout] 
[INFO] [stdout] 
[INFO] [stdout] error[E0308]: mismatched types
[INFO] [stdout]    --> src/graphics.rs:187:32
[INFO] [stdout]     |
[INFO] [stdout] 187 |         Matrix4::look_at(&eye, &center, &up)
[INFO] [stdout]     |                                ^^^^^^^
[INFO] [stdout]     |                                |
[INFO] [stdout]     |                                expected struct `Point3`, found `&Point3<{float}>`
[INFO] [stdout]     |                                help: consider removing the borrow: `center`
[INFO] [stdout]     |
[INFO] [stdout]     = note: expected struct `Point3<f32>`
[INFO] [stdout]             found reference `&Point3<{float}>`
[INFO] [stdout] 
[INFO] [stdout] 
[INFO] [stdout] error[E0308]: mismatched types
[INFO] [stdout]    --> src/graphics.rs:187:41
[INFO] [stdout]     |
[INFO] [stdout] 187 |         Matrix4::look_at(&eye, &center, &up)
[INFO] [stdout]     |                                         ^^^
[INFO] [stdout]     |                                         |
[INFO] [stdout]     |                                         expected struct `Vector3`, found `&Vector3<_>`
[INFO] [stdout]     |                                         help: consider removing the borrow: `up`
[INFO] [stdout]     |
[INFO] [stdout]     = note: expected struct `Vector3<f32>`
[INFO] [stdout]             found reference `&Vector3<_>`
[INFO] [stdout] 
[INFO] [stdout] 
[INFO] [stdout] error[E0560]: struct `Rad<f32>` has no field named `s`
[INFO] [stdout]    --> src/graphics.rs:210:11
[INFO] [stdout]     |
[INFO] [stdout] 210 |     Rad { s: value }
[INFO] [stdout]     |     ---   ^ field does not exist
[INFO] [stdout]     |     |
[INFO] [stdout]     |     `Rad<_>` is a tuple struct, use the appropriate syntax: `Rad<_>(/* fields */)`
[INFO] [stdout]     | 
[INFO] [stdout]    ::: /opt/rustwide/cargo-home/git/checkouts/cgmath-rs-71b806d64542a22e/a691de8/src/angle.rs:41:12
[INFO] [stdout]     |
[INFO] [stdout] 41  | pub struct Rad<S>(pub S);
[INFO] [stdout]     |            --- `Rad<_>` defined here
[INFO] [stdout] 
[INFO] [stdout] 
[INFO] [stdout] warning: unused import: `Rotation`
[INFO] [stdout]  --> src/graphics.rs:2:56
[INFO] [stdout]   |
[INFO] [stdout] 2 | use ::cgmath::{Matrix4,Vector3,Point3,Basis3,Rotation3,Rotation,Rad};
[INFO] [stdout]   |                                                        ^^^^^^^^
[INFO] [stdout] 
[INFO] [stdout] 
[INFO] [stderr] error: could not compile `regl-app`.
[INFO] [stderr] 
[INFO] [stderr] To learn more, run the command again with --verbose.
[INFO] [stderr] warning: build failed, waiting for other jobs to finish...
[INFO] [stdout] error: aborting due to 5 previous errors; 2 warnings emitted
[INFO] [stdout] 
[INFO] [stdout] 
[INFO] [stdout] Some errors have detailed explanations: E0308, E0560, E0599.
[INFO] [stdout] 
[INFO] [stdout] For more information about an error, try `rustc --explain E0308`.
[INFO] [stdout] 
[INFO] [stderr] error: build failed
[INFO] running `Command { std: "docker" "inspect" "3b1665e26221d4699c941bd41a1070433f7125835d14157be3bcbfd81f06c890", kill_on_drop: false }`
[INFO] running `Command { std: "docker" "rm" "-f" "3b1665e26221d4699c941bd41a1070433f7125835d14157be3bcbfd81f06c890", kill_on_drop: false }`
[INFO] [stdout] 3b1665e26221d4699c941bd41a1070433f7125835d14157be3bcbfd81f06c890
